u + 7. Let n = 296 + z. Is n prime?
False
Let o(w) = w**3 - 33*w**2 + 88*w + 71. Let k be o(30). Suppose 16*n - k*n + 3*u - 70889 = 0, -3*n + 42529 = 4*u. Is n composite?
True
Let o = -343 - -353. Suppose 12307 = o*g + 21*g. Is g prime?
True
Suppose 2*f = 32*f + 4284 - 118074. Is f prime?
True
Suppose 2*k - l + 9 = 0, 0*k + 3*l - 15 = 2*k. Is k/18 - (-2735)/30 composite?
True
Let i(r) = 8*r - 35. Let v be i(5). Let h(d) = 3491*d + 3. Let o be h(2). Suppose 5*y + n = o, y + v*n - 315 = 1082. Is y prime?
False
Suppose 2*w - 21075 = 8003. Let q be (2 + -4)/((-22)/(-77)). Is -6 - w/(-49) - 2/q a composite number?
True
Let q(r) = -355*r - 130. Let b be q(7). Let z = b - -4376. Is z a prime number?
False
Let j be 2/(-3) - (-1086)/9. Let f = j - 111. Is (-3058)/(-33)*f/6 composite?
False
Let i = -1070 + 2245. Suppose i + 2920 = 7*o. Let h = -332 + o. Is h a prime number?
False
Let i(a) = 301*a**3 - 9*a**2 - 144*a + 1333. Is i(9) a composite number?
False
Let p = 305 - 297. Let v = 147 - p. Is v a composite number?
False
Let u = -223 - -761. Let c = 4527 - u. Is c a prime number?
True
Is -18 - -753*9016/24 composite?
True
Suppose 10*x - 12*x + 16 = 0. Let p(m) = 10*m**3 - 7*m**2 + 14*m - 19. Is p(x) a composite number?
True
Let x = 10572 + -9755. Is x composite?
True
Suppose 0 = -3*d - 4 - 11, -17 = -z + 3*d. Let j = -505 + 526. Is ((-7)/j)/(z/(-282)) composite?
False
Is -1843827*(236/12 - 20) a composite number?
False
Suppose 3*w + 33105 = -5*x, 3*x - 3*w + 19887 = -0*x. Let o = -3265 - x. Is o prime?
True
Let t = 6056346 - 4134017. Is t composite?
False
Let n(z) = 256*z**2 + 9*z + 3. Let q = -84 - -82. Is n(q) composite?
False
Let j = -606 - -1023. Suppose -3*f + 0*f = 3, t + 5*f - j = 0. Is t a composite number?
True
Suppose -13 = -4*i + w, i - w - 2 = -2*w. Is (-6)/9 - i*(-247751)/63 a prime number?
False
Is 2*(-8)/(-32)*2045174 prime?
False
Suppose 5*r + 2*k - 83114 = 3*r, 2*k - 166216 = -4*r. Is r composite?
True
Let t be -3 - (0 - (-12)/(-4)). Let f(o) = t - 10 + 333*o + 2 + 10. Is f(7) a composite number?
False
Let b be (2/(-5))/((-10)/150) + 12773. Let n = -8244 + b. Is n prime?
False
Suppose -8*x + 57 = 17. Is 5 - (-6310 - (-20)/x) a prime number?
True
Suppose 6 = -u, -5*h + 857*u + 353527 = 860*u. Is h a composite number?
False
Let u = -1164119 + 1631736. Is u prime?
True
Let o = -9733 + 27424. Is o a composite number?
True
Is -21*(19 - 10245) + 19 composite?
True
Suppose y = -4*y - 5, -482 = -2*h - 2*y. Suppose -136 = -3*b + h. Let s = 760 - b. Is s a composite number?
True
Let f(s) = -s**3 + 11*s**2 + 17*s - 72. Let q be f(12). Let z(c) = -c**3 - 9*c**2 - 15*c - 13. Is z(q) prime?
True
Let r = 9 - 4. Suppose 4*z - 5*z + 2333 = -r*w, w - 6999 = -3*z. Is z a composite number?
False
Suppose -18*z + 2018872 = 4*m - 22*z, -5*m + 2523599 = -4*z. Is m a composite number?
False
Let g(a) = -2432*a - 7301. Is g(-14) a prime number?
False
Suppose 26*s - 1009542 = 1241668. Is s composite?
True
Suppose 11*h - 1523 + 104 = 0. Let a be ((-9)/6)/(6/60). Is (a + -2)/((-3)/h) a composite number?
True
Let o(i) = 43*i + 187. Let w be 2/6 - (-3 + 174/(-18)). Is o(w) a prime number?
False
Is 0 + -3 + 110718 + 3*(-24)/18 prime?
True
Let i be -20 + 25 + 1*37. Let a = 51 + i. Is a prime?
False
Let w(r) = r**3 - 8*r**2 - 13*r + 1. Let o(l) = 2*l**3 - 17*l**2 - 25*l + 2. Let t(q) = -2*o(q) + 5*w(q). Is t(8) prime?
False
Let m be (-12 - -10)/((-2)/(-12191)). Let j = m + 26032. Is j a prime number?
True
Let d = 127569 - 13822. Suppose 0 = 57*v - d - 63466. Is v a prime number?
True
Suppose -825951 = -16*i + 109886 + 1295891. Is i composite?
False
Let p = -134095 - -197672. Is p prime?
True
Let o be (350/(-105))/((-10)/12). Suppose 11*y - 48968 = -5*m + 14*y, 0 = 2*m + o*y - 19582. Is m a composite number?
True
Let x be (-108)/(-10)*(-40)/(-6). Suppose -x = 5*d + 223. Let h = d + 118. Is h a composite number?
False
Let s(m) = -570*m + 15. Let a(l) = 1138*l - 29. Let b(d) = 2*a(d) + 5*s(d). Is b(-12) prime?
False
Let b = -61 + 112. Let r = -49 + b. Suppose 15*v - 2431 = r*v. Is v a prime number?
False
Let v = 801 + -521. Suppose 31 = 2*f - 5*y, -2*f + 24 = -4*y - 6. Suppose v = 2*s - l, 3*l + 1 = f. Is s a composite number?
True
Let q(g) = -29223*g - 3011. Is q(-14) a prime number?
False
Let v(i) = -13*i**2 + 5*i + 8. Let d be v(-3). Let r be 2 + 43*(7 + -2). Let n = d + r. Is n prime?
False
Suppose 0 = 3*v - 4*d - 1335509, 4*v + 1144*d - 1780689 = 1139*d. Is v prime?
False
Is 26840/6 - (-44)/66 composite?
True
Suppose -10 = 175*d - 180*d. Suppose 0 = 4*t + 5*k - 12952, -7*t = -d*t - 5*k - 16190. Is t prime?
False
Suppose 101*d - 13104089 - 15777972 = 0. Is d a composite number?
True
Suppose -5*g = -5*f + 220, f + 8 = -3*f. Let x = 14 - g. Let v = -39 + x. Is v a composite number?
True
Suppose -20*s - 29*s + 40*s = -2366991. Is s a composite number?
True
Let r(a) = a**2 - 2*a - 2. Let p(y) = -3*y**2 + 13*y - 110. Let d(h) = p(h) + 5*r(h). Is d(-21) composite?
True
Suppose 384 = 8*l - 0*l. Let r be (2 - (-18)/(-10)) + l/10. Suppose r*q - 1259 = -2*y, -5*q = -y - 3*y - 1247. Is q prime?
True
Let o = -89 - -78. Is 1/(o/(-2)) - (-5487)/11 composite?
False
Let p(z) = 13*z**3 + 6*z**2 - 14*z. Let g = -37 + 47. Let q be p(g). Suppose 11*f = 7*f + q. Is f composite?
True
Suppose z + 16 = 5*z. Let s be 5 - ((-16)/4)/z. Suppose s*p - 8*p = -2118. Is p a prime number?
False
Is (104/156)/((-1)/(-14358)*4) a prime number?
True
Let i(c) = -7*c**3 + 2*c**2 + 2*c. Let m be i(-2). Suppose 0 = -5*v - v + m. Is 1 - v*1*-39 composite?
True
Let z = 8018 + -3165. Is z composite?
True
Is (28*13727 - 0) + 15/(-15) a prime number?
False
Let m = -709 + 743. Suppose -23*a + 314355 = m*a. Is a composite?
True
Let n be -3*(-28)/6*(-11)/(-22). Let d(p) = 51*p**3 - 3*p**2 - 10*p + 45. Is d(n) composite?
False
Suppose 386304 + 306133 = 5*h - 4*u, 138479 = h - 2*u. Is h a prime number?
True
Suppose 17*k = 14*k + 9. Suppose -2*m + k*o = -1751, -6*o - 4384 = -5*m - 5*o. Is m prime?
True
Is (-2*(-292983)/18)/((-5 - 2)/(-21)) composite?
True
Let f = -127345 + 736236. Is f a composite number?
True
Let p = -6 + 0. Let s = -10 - p. Let c(i) = -i**3 + 7*i**2 + 7*i - 3. Is c(s) a composite number?
True
Let v(a) be the first derivative of -a**3/3 - 7*a**2/2 + 9*a - 6. Let n be v(3). Let w = 66 - n. Is w a prime number?
False
Suppose 2*i - x - 89222 = 0, -102054 = -4*i - 4*x + 76366. Is i prime?
False
Suppose -4*t = 3*c + 2*c - 740357, 4*t + 4*c = 740352. Is t a composite number?
True
Let h(a) be the second derivative of 125*a**4/12 + 5*a**3/3 + a**2/2 - 112*a. Is h(2) a composite number?
False
Let w(q) = 1226*q + 3271. Is w(9) composite?
True
Suppose -145*w - 33*w = -75587373 - 26109545. Is w a composite number?
False
Suppose -112598 = -5*o + n, -17389 = 4*o + 4*n - 107453. Suppose o = v - 4*g, 12009 - 57083 = -2*v - g. Is v a composite number?
True
Let g(n) = -n**3 + 1. Let w(v) = -20*v**3 - v**2 - 6*v - 2. Let k(s) = 2*s + 11. Let u be k(-6). Let l(z) = u*w(z) - 4*g(z). Is l(3) composite?
False
Suppose 1047451 = -0*g + 5*g + w, 0 = -g - w + 209495. Is g a prime number?
False
Let v be -1*8/60 + 298/(-15). Let i(z) = 4*z**2 - 19*z + 79. Is i(v) composite?
True
Suppose 20*a = 16337 + 10883. Suppose 1443 = 4*v - a. Is v a composite number?
False
Let u be 2 + (-28)/(-7) + 5. Suppose 0 = u*a - 177234 + 38601. Is a a prime number?
False
Let z = 600 - -8997. Suppose 8*g - 11*g + z = 0. Is g composite?
True
Suppose -21323774 = -135*v - 4209419. Is v a composite number?
True
Let f(x) = x**3 + 22*x**2 - 35*x - 27. Let s be f(-23). Let q = s - -1530. Is q a composite number?
True
Let q be 0/(-4*(-2)/(-4)). Suppose -2*t = -2*r - 8614, q*r = t + 2*r - 4304. Suppose -5*y = -t - 489. Is y a prime number?
False
Let h(x) = 54736*x - 53. Is h(1) prime?
False
Suppose -89*z + 90*z + 5*w - 98138 = 0, 4*z - 392498 = -2*w. Is z a composite number?
False
Suppose -333*x - 34268782 = -472*x. Is x a composite number?
True
Suppose -5*k - 4*i = -468387, 2*i + 468429 = -158*k + 163*k. Is k prime?
True
Let d = 62 + -143. Let r = d - -81. Suppose r = -3*l + 289 + 3368. Is l composite?
True
Is 32/12 - ((-8419335)/45 - 12) a prime number?
True
Let r be -6*((-1)/2 + 0). Let b = 3176 + -3119. Suppose -r*g + 36 = -b. Is g a composite number?